{"id":11,"date":"2023-10-29T20:54:55","date_gmt":"2023-10-29T20:54:55","guid":{"rendered":"http:\/\/www.parafiaspytkowice.pl\/?page_id=11"},"modified":"2024-11-03T19:32:09","modified_gmt":"2024-11-03T19:32:09","slug":"duszpasterze","status":"publish","type":"page","link":"https:\/\/www.parafiaspytkowice.pl\/index.php\/duszpasterze\/","title":{"rendered":"Duszpasterze"},"content":{"rendered":"\n<p><strong>Proboszcz: <\/strong>ks. kan. J\u00f3zef Piwowarski, wy\u015bw. 1984, w parafii od 2000, od 2002 proboszcz<\/p>\n\n\n\n<p><strong>Wikariusz: <\/strong>ks. \u0141ukasz D\u0119bski, wy\u015bw. 2009, w parafii od 2024<\/p>\n\n\n\n<p><\/p>\n","protected":false},"excerpt":{"rendered":"<p>Proboszcz: ks. kan. J\u00f3zef Piwowarski, wy\u015bw. 1984, w parafii od 2000, od 2002 proboszcz Wikariusz: ks. \u0141ukasz D\u0119bski, wy\u015bw. 2009, w parafii od 2024<\/p>\n","protected":false},"author":1,"featured_media":0,"parent":0,"menu_order":0,"comment_status":"closed","ping_status":"closed","template":"","meta":{"footnotes":""},"class_list":["entry","page","publish","author-admin","post-11"],"_links":{"self":[{"href":"https:\/\/www.parafiaspytkowice.pl\/index.php\/wp-json\/wp\/v2\/pages\/11","targetHints":{"allow":["GET"]}}],"collection":[{"href":"https:\/\/www.parafiaspytkowice.pl\/index.php\/wp-json\/wp\/v2\/pages"}],"about":[{"href":"https:\/\/www.parafiaspytkowice.pl\/index.php\/wp-json\/wp\/v2\/types\/page"}],"author":[{"embeddable":true,"href":"https:\/\/www.parafiaspytkowice.pl\/index.php\/wp-json\/wp\/v2\/users\/1"}],"replies":[{"embeddable":true,"href":"https:\/\/www.parafiaspytkowice.pl\/index.php\/wp-json\/wp\/v2\/comments?post=11"}],"version-history":[{"count":4,"href":"https:\/\/www.parafiaspytkowice.pl\/index.php\/wp-json\/wp\/v2\/pages\/11\/revisions"}],"predecessor-version":[{"id":500,"href":"https:\/\/www.parafiaspytkowice.pl\/index.php\/wp-json\/wp\/v2\/pages\/11\/revisions\/500"}],"wp:attachment":[{"href":"https:\/\/www.parafiaspytkowice.pl\/index.php\/wp-json\/wp\/v2\/media?parent=11"}],"curies":[{"name":"wp","href":"https:\/\/api.w.org\/{rel}","templated":true}]}}